the hundreds digit of u?
1
Let w(q) = 9*q**2 + 0 - 11 + 14*q + 1 - 8*q**2. What is the units digit of w(-20)?
0
Let y be 2 + (27/6 - 3)*6. Let n(g) be the second derivative of -g**3/6 + 7*g**2 + g. What is the units digit of n(y)?
3
Let q(w) = -2*w**3 - 28*w**2 + 2*w + 51. What is the hundreds digit of q(-15)?
4
Suppose 14*o + 2460 - 10020 = 0. What is the units digit of o?
0
Let d(k) be the third derivative of k**5/60 + k**4/12 + 7*k**3/6 - k**2. Let j(s) = 68*s + 333. Let r be j(-5). What is the tens digit of d(r)?
4
Suppose -4 - 2 = -3*x. Suppose 3*n + x*n = 170. Suppose -4*p - n + 1 = -z, -5*p = -4*z + 99. What is the tens digit of z?
2
Let v(f) = -2*f - 5. Let j be v(-5). Suppose g - 9 = -2*c, -4*c + j*c + 5 = 0. Suppose -5*r = -g - 6. What is the units digit of r?
5
Let f(q) = q**3 - 7*q**2 - 6*q + 6. Let h be f(8). Let r = 30 - -6. What is the units digit of (11/h)/(1/r)?
8
Suppose 5*n - 3*z = 98, 54 = 3*n + 2*z + z. Let x = -16 + n. Suppose x*m + 4 - 7 = 0. What is the units digit of m?
1
Let l = 74 + -75. Let q(m) be the second derivative of 5*m**4/4 + m**3/6 + m. What is the tens digit of q(l)?
1
Suppose 0 = 13*v - 6126 - 9383. What is the units digit of v?
3
Let c(m) be the second derivative of -2*m**2 + 2*m + 1/12*m**4 - 1/2*m**3 + 0. What is the units digit of c(5)?
6
Suppose -195 = -2*q - 3*q. Let w be 170*(0 + 8/20). Suppose q = m - 4*u - 5, 3*m + 4*u - w = 0. What is the tens digit of m?
2
Let m = -17 + 41. Let n = m - 0. What is the units digit of n?
4
Suppose -91 - 345 = -4*u. Suppose 4*a = 2*x - u + 15, -70 = -2*x - 4*a. Suppose f = -0*f + x. What is the tens digit of f?
4
Let r = 61 + -51. Suppose 9*n = r*n - 84. What is the tens digit of n?
8
Let n(u) = u**2 + 10*u + 17. Let s be n(-9). What is the units digit of -7 + s - (-1 + -18)?
0
Let q be (-4)/12*-9 + 909. Suppose -2*u + q = 10*u. What is the tens digit of u?
7
Let h(v) be the third derivative of 7*v**5/30 - v**4/24 + 7*v**3/6 + 7*v**2. What is the hundreds digit of h(3)?
1
What is the units digit of (13 + -7)/(-12) + 1430/4?
7
Let t(u) = 31*u**3 + 2*u**2 + 19*u - 99. What is the tens digit of t(5)?
2
Let u = 1947 + -1008. What is the tens digit of u?
3
Suppose 33*s - 73 = 34*s. What is the tens digit of 1 - (-3 + -1 + s)?
7
Let d(a) = 25*a + 48. What is the units digit of d(8)?
8
Let u(y) = y - 7. Let v be u(6). Let k be v/2*0/(-9). Suppose -t + 1 + 4 = k. What is the units digit of t?
5
Let u(a) be the third derivative of -2*a**2 - 11/6*a**3 - 5/24*a**4 + 0 + 0*a + 1/60*a**5. What is the units digit of u(8)?
3
Let g(y) = -y**2 - 11*y - 5. Let h be g(-10). Suppose p + 128 = 4*p - 2*x, -p + h*x + 21 = 0. What is the tens digit of p?
4
Suppose h + 262 = 4*i + 1690, 0 = -5*h + 3*i + 7208. Suppose 450 = -14*y + h. What is the units digit of y?
1
Let k = 1080 + -570. What is the units digit of k/(-20)*(-8)/6?
4
Let t(u) = 150*u + 90. What is the thousands digit of t(13)?
2
Let q(y) = 4*y - 10. Let s be q(3). Suppose p + 120 = s*i - 36, -4*p + 96 = i. What is the units digit of i?
0
Let t be (-40)/(-16)*8/(-10). Let n(r) = 2*r + 1. Let h be n(t). What is the units digit of (5/h)/((-6)/18)?
5
What is the thousands digit of 7/21*-21 + 1795?
1
Suppose -5*w = -3*f - 12, -2*f + 8 = 4*w - 4*f. Suppose 0 = -6*o + 14*o - 120. Suppose 2*z - 68 = -4*m, w = -m - 3*z - o + 42. What is the units digit of m?
5
Suppose -14 = -5*i + 36. Suppose -m + i = 4*o + o, 0 = o - 1. Suppose -v + 46 = 5*r, -m*r = 5*v - 1 - 129. What is the units digit of v?
1
Let a = -290 + 566. Suppose k = 5*k - a. What is the tens digit of k?
6
Let q be (-1)/1*(2 + -5). Suppose -40 = 2*g + q*g. Let h(c) = c**2 + 6*c - 2. What is the tens digit of h(g)?
1
What is the thousands digit of -8*(2044/(-16) - 6)?
1
Suppose -4*r + 19 = -1. Suppose 3*p - 7*d = -r*d + 7, 0 = 2*p + 5*d - 11. What is the tens digit of 4*-25*p/(-12)?
2
Suppose 3*i - 1076 = -k + 226, -i - 1 = 0. What is the tens digit of k?
0
Let h(y) = 2*y**2 + y - 1. Let m be h(1). Suppose 5*n - 4 = 3*w + 1, 4*w = 2*n - m. Suppose w*z - 1 = -z. What is the units digit of z?
1
Suppose 12 = -3*b + 2*m - 3*m, 4*m = 5*b + 37. Let t(w) = w**2 + 10*w + 7. Let f be t(b). What is the units digit of 4 - (-1 + (f - 1))?
4
Let o be 3/(-4) - (251615/20)/(-13). Let t = o - 667. What is the hundreds digit of t?
3
Let c = -55 - -1330. What is the thousands digit of c?
1
Let g = -5 + 5. What is the units digit of (-12 - -8) + (38 - g)?
4
Let z(f) = -156*f + 36. What is the hundreds digit of z(-6)?
9
Suppose 5*u = -25, -487 = -i - 4*u - 97. What is the units digit of i?
0
Let i = 71 + -101. What is the hundreds digit of 4/i - (-7808)/60?
1
Suppose -3*k = -6*n + 2*n - 101, -2*k + 74 = -4*n. Let b = 25 - 22. What is the units digit of (3/b)/(1/k)?
7
Let f(x) = 5*x**3 + 8*x**2 - 5*x - 17. What is the hundreds digit of f(5)?
7
What is the units digit of (30/6 - 0) + 121 + -1?
5
Let z(g) = g**2 + 18*g - 24. What is the tens digit of z(-21)?
3
Suppose -9 - 3 = -2*q. Let t be (-3 + 0)*(-340)/q. Suppose -4*p - 66 = -t. What is the tens digit of p?
2
Let s(r) = 3*r**2 - 2*r - 4. Let u be -9 - (0 + 4 + -8). Let l be (7 - 3 - 3) + u. What is the tens digit of s(l)?
5
Suppose -4*u = -4*q - 72, -2*u + u + 14 = -2*q. Let z = -17 + u. Suppose 65 = 2*a - 0*o - 3*o, 0 = 5*a + z*o - 150. What is the units digit of a?
1
Let s = 74 - -3956. What is the hundreds digit of s?
0
Let j(m) = 3*m**2 + 7*m - 9. Let o be j(-4). Let z = o + 1. Let d = 25 - z. What is the tens digit of d?
1
Let w = -4 + 8. Let x be -15*1/(-6)*16/20. Suppose w*n + 3 = n, 5*n = -x*k - 3. What is the units digit of k?
1
Let p be 4/10 + (-82260)/150. Let v = -331 - p. What is the hundreds digit of v?
2
Suppose 0 = 5*i - 2*z - 1532, -585 = -3*i + 3*z + 336. Suppose 129 = 5*v - i. What is the tens digit of v?
8
Let z = 16 + -42. Suppose 3*a - 4*a = 6. What is the units digit of (a/1)/(4/z)?
9
Suppose -4*x = 41 + 11. Let p(i) = -i**3 - 12*i**2 + 12*i - 11. Let w be p(x). Suppose w*j = -j + 111. What is the tens digit of j?
3
Suppose 17 = 4*y + p, y - 17 = -4*p + 6. Suppose -t + 28 = y*t. Suppose -112 = -4*z + 4*u, -4*u - t = -3. What is the units digit of z?
7
Suppose -o - 2*m - 8 = -0, 4*o - m + 50 = 0. Let x = 6 + o. Let i(y) = y**3 + 7*y**2 + 4*y + 5. What is the tens digit of i(x)?
1
Suppose -k = 4*k - 10. Suppose -5*l = r - l - 151, 5*r - k*l - 821 = 0. What is the units digit of r?
3
Let p be ((-78)/(-15) - 4)*10/6. What is the hundreds digit of 1/p - (-6579)/34?
1
What is the units digit of (16/(-4) - -10) + 658?
4
Let v(a) = 35 + 30 + 7*a + 3*a**2 - 59 - 3*a**3. What is the units digit of v(-3)?
3
Let v = 76 - 144. Let z = -18 - v. What is the tens digit of z?
5
Let p(j) = 10*j - 290*j**2 + 7 + 15 + 291*j**2. What is the units digit of p(-8)?
6
Let k = -1110 - -1580. What is the hundreds digit of k?
4
Let x = 7 + -3. Suppose 8 = o + o, -16 = -x*a + o. Suppose 3*g + 3*v - 145 = v, -2*g + a*v + 65 = 0. What is the tens digit of g?
4
Let v be (2 + -6 + -1)*-1. Let u be 94 - 89 - (2 - 0). Suppose -v*o + 24 = -j - 120, 2*o = -u*j + 61. What is the units digit of o?
9
Suppose -2*k - 3*s - s - 6 = 0, -k - 5*s = 9. Let c(v) = -v + 2. Let l be c(k). What is the units digit of (-4 + (l - 3))*-7?
2
Let j = -7 + 10. Suppose 112 = j*u + 5*d, 4*u + 3*d = 8*u - 159. What is the tens digit of u?
3
Suppose -4 = -v - v. Let q(x) = 2 + 4*x**v + 6*x + x**2 - 2*x**2. What is the tens digit of q(-4)?
2
Let m(w) = w**3 + 13*w**2 + 12*w - 27. Let i(t) = 2*t**3 + 14*t**2 + 11*t - 27. Let u(b) = -2*i(b) + 3*m(b). What is the tens digit of u(11)?
2
Let f = -6 + 3. Let i(q) = 11*q**3 + q**2 - 7*q - 4. Let a(d) = -5*d**3 - d**2 + 3*d + 2. Let h(t) = 5*a(t) + 2*i(t). What is the tens digit of h(f)?
5
Suppose -23 = 3*a + 4. Suppose 4*v - 19 - 5 = 0. What is the units digit of (-33)/a + (-4)/v?
3
Let k = 28 + -8. Suppose 3*b - 28 = -4*i, -i + 3*b - k = -3*i. Suppose 0*x + 36 = i*x. What is the units digit of x?
9
Suppose 14*d + 5122 = 32072. What is the hundreds digit of d?
9
Let o(i) = -i**3 - 7*i**2 - 11*i - 3. Let d be o(-5). What is the units digit of (16/10)/(d/85)?
8
Let v(a) = a**3 + 15*a**2 - 15*a + 16. Let n be v(-16). What is the units digit of ((-3)/6 + n)/((-8)/208)?
3
Let c = 68 - 12. Let l = c - 22. What is the tens digit of l?
3
Let 